810 = -3*h. What is the units digit of h?
5
Let r(h) be the third derivative of h**6/120 - 3*h**5/20 + 17*h**4/24 + 13*h**3/2 + h**2 - 31*h. What is the units digit of r(9)?
2
Let s(p) = 2. Let y(z) = -43*z - 14. Let d(j) = -4*s(j) - y(j). What is the hundreds digit of d(16)?
6
Suppose -2*k - 11 = -17. Suppose -4*u - 4*b + 1114 = -18, -5*u + k*b = -1391. What is the units digit of u?
0
Suppose 17*g - 22*g + 225 = 0. Suppose 0 = -g*o + 38*o + 4872. What is the tens digit of o?
9
Let c be (11/(-33))/(1/(-12)). Suppose -3*q + c*q - 3 = 0. Suppose -372 = q*n - 7*n. What is the tens digit of n?
9
Let u(f) = -4*f**3 - 2*f**3 + 750 - 7*f + 7*f**2 + 5*f**3 - 744. Suppose 0*j + 17 = 3*j + 2*p, -j = 3*p - 8. What is the units digit of u(j)?
1
Let d be 5*(-3)/((-15)/73). What is the units digit of (15 - 0)/(d/1971)?
5
Suppose -4*s + 2*a = -10312, -7733 = 33*s - 36*s + 2*a. What is the tens digit of s?
7
Suppose 3*y = -5*l + 29, -2*y + 18 = 3*l - 0. Let j be ((-42)/77)/((-26)/143). Suppose -5*n = -25, j*x - 196 = -x + l*n. What is the tens digit of x?
5
Suppose -3536*v + 3537*v - 10106 = -3*h, 4*v = 4*h - 13464. What is the tens digit of h?
6
Suppose -2*p + 4*s = 2*p - 28, -3*p - 3*s + 51 = 0. Suppose 4*d - p + 0 = 0. Suppose 2*k = -d*k + 285. What is the units digit of k?
7
Let a be 3*((-2)/(-6) + -2). Let g be a*(-1 + 5/(-25)). What is the hundreds digit of g/(36/1246) - 1/(-3)?
2
Let k = -8782 - -13130. What is the hundreds digit of k?
3
What is the thousands digit of (-157176)/(-51) - 54/(-459)?
3
Suppose -3*h + 4*u + 30636 = 0, 2*h - u - 11719 = 8695. What is the thousands digit of h?
0
Let n(b) = -325*b + 5338. What is the tens digit of n(-14)?
8
Let r(j) = -j**2 - 18*j - 37. Let q = -60 - -45. Let i be r(q). What is the tens digit of 2*(-2 + 132/i)?
2
Suppose -11*n - 2 + 13 = 0. Let t be (2/(-4)*n)/(32/(-4928)). Suppose 0 = i + 4*g - t, -i - 5*g = -5*i + 287. What is the tens digit of i?
7
Let y be (170/(-3))/10*-3. Suppose y*r - 1206 = 1514. What is the units digit of r?
0
Let i be (-2)/(-10)*625/25. Let q = 13 + -11. Suppose -q*w + i*w - 462 = 0. What is the hundreds digit of w?
1
Suppose 0 = 4*j - 3*j - x - 5886, -4*j + 23510 = 13*x. What is the hundreds digit of j?
8
Let y(i) = 1037*i**2 + 246*i + 1964. What is the tens digit of y(-8)?
6
What is the tens digit of -7586*1*2320/(-928)?
6
Let k(l) = 14*l**2 - 46*l + 549. What is the tens digit of k(18)?
5
Suppose 0 = 2*o - 3*v - 19, 3*v + 4 = -o - 9. Suppose 2*z + 3*f - 70 = z, -o*z + 130 = f. What is the tens digit of (-8 - -10)/((1/z)/1)?
2
Suppose -4*p = -4 - 16. Let d be 10 - (p + -4 + 0). What is the tens digit of -2 - (-7 + d)*134/(-4)?
6
Let r = 4 + 51. Let m = r - 53. Suppose -b + d + 84 = -m*d, 0 = d + 3. What is the tens digit of b?
7
Suppose -29*j - 20*j + 1031369 = 331600. What is the thousands digit of j?
4
Let l(y) = -18*y**3 - 5*y**2 - 42*y - 16. What is the units digit of l(-7)?
7
Suppose -147*x - 3*m - 60408 = -151*x, 3*m - 75537 = -5*x. What is the units digit of x?
5
Suppose k - 22 = -19. Suppose 0 = -4*l - 5*p + 28, k*l + p - 28 = -p. Let f(j) = -j**3 + 13*j**2 - 10*j + 8. What is the units digit of f(l)?
2
Let z(n) be the first derivative of 1/4*n**4 + 10*n + 1/2*n**2 + 18 + 10/3*n**3. What is the tens digit of z(-7)?
5
Let s be (-10)/2*12/80*4. Let l be 4/1 + s*(5 - 4). Suppose -l = -2*h + 181. What is the tens digit of h?
9
Let x be (14/(-21))/(1/(-87)). Let h = x + 81. What is the hundreds digit of h?
1
What is the units digit of 311 - -56478 - (1 + -14)*-1?
6
Let t = 33 + -28. Suppose -t*g - 4*u + 992 = 0, -590 = -2*g - g - 5*u. Suppose -7*l = -2*l - 5*j - g, 2*j = -3*l + 135. What is the units digit of l?
3
Let i(z) = -2*z**2 + 7*z + 1. Let v be i(4). What is the tens digit of (5 - 403)*(2 + v)?
9
Suppose -q + 30431 = -x, 7*x - 14371 = q - 44844. What is the tens digit of q?
2
Suppose -1432574 = -15*x - 19*x - 194328. What is the units digit of x?
9
Let q = -207 + 89. Let s be (12 + -16)*q/(-8). What is the tens digit of s/1*(2 + -3)?
5
Let j = 5 - 13. Let w be 80/j*(-2)/5. Suppose -4*n = -5*t - 54 - 23, 71 = w*n + t. What is the tens digit of n?
1
Let c = 20500 + -18000. What is the tens digit of c?
0
Let r(t) = -16719*t**2 + 16717*t**2 + 69*t**3 - 1 - 8*t - 2*t**3. What is the hundreds digit of r(3)?
7
Suppose 286*x - 7167989 = 459059. What is the tens digit of x?
6
Let m be 3/12*22 - (-26)/52. Let q(s) = 26*s - 59. What is the tens digit of q(m)?
9
Let d(j) = 87*j**2 + 284*j + 50. What is the tens digit of d(17)?
2
Let b(c) = c**3 - 23*c**2 - 106*c + 105. What is the units digit of b(30)?
5
Suppose 2*n = -4*q + 5*n, -5*q + 3 = -3*n. What is the hundreds digit of (300/(-250))/(q/(-490))?
1
Let b = -77 - -75. What is the units digit of (b*13)/((-9)/(1 + 107))?
2
Suppose -13556*y = -5*w - 13554*y + 200897, -y - 40174 = -w. What is the hundreds digit of w?
1
Let q(v) = v**2 + 12*v + 29. Let l be q(-9). Let n(p) be the second derivative of 17*p**4/12 + 5*p**3/6 - 5*p**2/2 - 2*p. What is the units digit of n(l)?
3
Let g = 858 + -863. Let b be (-8)/((2/(-2))/12). Let m = g + b. What is the tens digit of m?
9
Let u(n) = -n**2 - 31*n - 213. Let k be u(-21). Let o(r) = -433*r - 18. What is the thousands digit of o(k)?
1
Suppose -4328*v + 316160 = -4309*v. What is the thousands digit of v?
6
Let v(h) = -18*h**2 - 13*h + 22. Let m be v(10). What is the tens digit of (76/(-228))/(1/m)?
3
Let g(o) = -1027*o - 4760. What is the thousands digit of g(-19)?
4
Suppose -13*w = t - 16*w - 11228, -2*w = t - 11248. What is the units digit of t?
0
Suppose 292*b - 4204447 = 3299533 + 9757600. What is the tens digit of b?
1
Let c = 109 - -32. Suppose 3*p + 278 = 2*q, 0 = -0*q + q - p - c. What is the units digit of q?
5
Let r be ((4 + -4)/(-1))/3. Let z = 622 - 363. Suppose 3*g - 2*y - 28 - 161 = r, -4*g = -5*y - z. What is the tens digit of g?
6
Suppose 7*d = -4*d + 15602 + 123141. What is the units digit of d?
3
Let l be (1 - -1)*((-189)/6 + 1). Let n = -57 - l. Suppose -n*w = -4*o + o + 25, -2*o + 3*w + 15 = 0. What is the units digit of o?
5
Let b = 464 + -99. Let t = -137 + b. Suppose -t = -16*d - 3*d. What is the tens digit of d?
1
Let n(t) = 3*t**2 + 8*t - 204. What is the tens digit of n(13)?
0
Let p(k) be the second derivative of k**4/6 - 13*k**3/6 + 15*k**2/2 + 2*k. Suppose 3*q + 3*g = 33, -21*g = -q - 18*g + 11. What is the hundreds digit of p(q)?
1
Let h(j) = 3*j - 16*j + 7*j - 89 + j + 359. What is the units digit of h(-38)?
0
Let i(r) = -r**3 + 11*r**2 - 13*r + 9. Let h be i(8). Let s = h + -91. Suppose 5*v - 108 = -m, m = -s*v + 2*v + 103. What is the units digit of m?
3
Suppose 19*t = 14*t + 1925. Suppose -5*y + 0*y = -t. Let j = 20 + y. What is the tens digit of j?
9
Let a(z) = 2*z**3 + 2*z**2 - 2*z + 120. Suppose 3*b = -15, -2*l - 22*b = -26*b - 20. What is the tens digit of a(l)?
2
Suppose -72*n = -76*n + 19908. What is the tens digit of n?
7
Let h(t) = t**2 - 21*t + 27. Let z be h(20). Let s(g) = 8*g + z*g - 8 - 16 - 5*g. What is the hundreds digit of s(18)?
1
Let w(t) = -t**2 + 20*t + 1. Let n be w(19). What is the tens digit of 1070/n - (-2)/((-4)/3)?
5
Let q = -146 - -146. Suppose 486*k - 481*k - 3210 = q. What is the hundreds digit of k?
6
Suppose -15748248 = -38*h - 46*h - 164*h. What is the units digit of h?
1
Suppose 3*t = 4*f + 21, 3*t - 5*f = 17 + 7. Suppose t*c = -4*c + 1911. What is the units digit of c?
3
Let z = -49058 - -71938. What is the ten thousands digit of z?
2
Suppose -4*w + 34 = u, 4*u + 6*w = 2*w + 136. Suppose u*h - 22*h = 21336. What is the hundreds digit of h?
7
What is the hundreds digit of (-112248)/(-20) + 5/((-325)/26)?
6
Let q = -70 + 41336. What is the units digit of q?
6
Let z = 73 + 3. Suppose 70*c = z*c - 8670. What is the tens digit of c?
4
Suppose -2*b + s = -5*b + 10, 0 = -5*b - 5*s + 30. Let r(q) = 4*q - 3. Let h be r(b). Suppose -h*c + 2 = -3. What is the units digit of c?
1
Suppose 2*t - 24033 = -3*w + 60685, -3*t - 4*w + 127081 = 0. What is the units digit of t?
1
Let r be 0*(-6)/(-30) - -7504. Suppose m = -15*m + r. What is the units digit of m?
9
Suppose -4*h = 2*n - 44 - 36, n - 2*h - 52 = 0. Suppose 4*x - 120 = 4*a + a, 3*a + 5*x + 35 = 0. Let o = n + a. What is the tens digit of o?
2
What is the thousands digit of 6 + (-13 